{"id":2,"date":"2015-03-02T08:04:16","date_gmt":"2015-03-02T06:04:16","guid":{"rendered":""},"modified":"2019-01-22T04:04:37","modified_gmt":"2019-01-22T02:04:37","slug":"info","status":"publish","type":"page","link":"http:\/\/www.christianprinz.at\/blog\/info\/","title":{"rendered":"Info"},"content":{"rendered":"<h1><img loading=\"lazy\" decoding=\"async\" class=\"page aligncenter wp-image-2989 size-thumbnail\" src=\"https:\/\/i0.wp.com\/www.christianprinz.at\/blog\/wp-content\/uploads\/2015\/03\/portrtait_rund.jpg?resize=267%2C200\" alt=\"\" width=\"267\" height=\"200\" srcset=\"https:\/\/i0.wp.com\/www.christianprinz.at\/blog\/wp-content\/uploads\/2015\/03\/portrtait_rund.jpg?resize=267%2C200 267w, https:\/\/i0.wp.com\/www.christianprinz.at\/blog\/wp-content\/uploads\/2015\/03\/portrtait_rund.jpg?resize=533%2C400 533w, https:\/\/i0.wp.com\/www.christianprinz.at\/blog\/wp-content\/uploads\/2015\/03\/portrtait_rund.jpg?resize=768%2C576 768w, https:\/\/i0.wp.com\/www.christianprinz.at\/blog\/wp-content\/uploads\/2015\/03\/portrtait_rund.jpg?resize=800%2C600 800w, https:\/\/i0.wp.com\/www.christianprinz.at\/blog\/wp-content\/uploads\/2015\/03\/portrtait_rund.jpg?resize=1024%2C768 1024w, https:\/\/i0.wp.com\/www.christianprinz.at\/blog\/wp-content\/uploads\/2015\/03\/portrtait_rund.jpg?w=1440 1440w\" sizes=\"(max-width: 267px) 100vw, 267px\" data-recalc-dims=\"1\" \/><\/h1>\n<p>Dieser Blog ist eine Spielwiese, um verschiedene M\u00f6glichkeiten auszuprobieren, wie man (Reise) Geschichten mit Bildern und T\u00f6nen erz\u00e4hlen kann. <\/p>\n<p>&nbsp;<\/p>\n<p>Ich habe immer eine Kamera mit dabei, um das einzufangen, was mich bewegt, oder inspiriert. Die letztem Bilder findet ihr\u00a0<a href=\"http:\/\/www.christianprinz.at\/bilder\/letzte-eintraege\" target=\"_blank\" rel=\"noopener noreferrer\">hier<\/a>, und auf <a href=\"https:\/\/www.instagram.com\/ch_prinz\" target=\"_blank\">Instagram<\/a>.<br \/>\n&nbsp;<\/p>\n<p>Seit Neuestem ist auch ein <em>Stereo-Tonaufnahmeger\u00e4t<\/em> in meiner Tasche.<br \/>\nF\u00fcr mich ist der Klang ein Teleporter in eine andere\u00a0Welt, eine andere Art Schnappsch\u00fcsse zu machen. Kurze Klanggeschichten gibt es auf der Seite\u00a0<a href=\"http:\/\/www.christianprinz.at\/blog\/sound-stories\/\">Sound Stories<\/a>.<br \/>\n&nbsp;<br \/>\nUpdate: Inzwischen gibt es auch einen <a href=\"http:\/\/www.christianprinz.at\/podcast.html\">Podcast<\/a> mit Field Recordings von Unterwegs.<br \/>\n&nbsp;<\/p>\n<p>Auf der\u00a0<a href=\"http:\/\/www.christianprinz.at\/blog\/karte\/\">Karte<\/a> seht ihr meine bisherige Route(n) und wo ich mich gerade aufhalte.<\/p>\n<p>&nbsp;<\/p>\n<p>danke f\u00fcrs Vorbeischauen,<\/p>\n<p>Christian<\/p>\n<p>&nbsp;<\/p>\n<p><i>J\u00e4nner 2019<\/i><\/p>\n<p>&nbsp;<\/p>\n<pre><span style=\"color: #999999;\"><span style=\"text-decoration: underline;\">IMPRESSUM:<\/span><\/span>\r\n<span style=\"color: #999999;\">Fuer saemtlichen Inhalt verantwortlich:\r\n<\/span><span style=\"color: #999999;\">Christian Prinz, 3920 Gr. Gerungs\r\n<\/span><span style=\"color: #999999;\">mail[aet]christianprinz.at \r\n<\/pre>\n","protected":false},"excerpt":{"rendered":"<p>Dieser Blog ist eine Spielwiese, um verschiedene M\u00f6glichkeiten auszuprobieren, wie man (Reise) Geschichten mit Bildern und T\u00f6nen erz\u00e4hlen kann. &nbsp; Ich habe immer eine Kamera mit dabei, um das einzufangen, was mich bewegt, oder inspiriert. Die letztem Bilder findet ihr\u00a0hier, und auf Instagram. &nbsp; Seit Neuestem ist auch ein Stereo-Tonaufnahmeger\u00e4t in meiner Tasche. F\u00fcr mich [&hellip;]<\/p>\n","protected":false},"author":1,"featured_media":0,"parent":0,"menu_order":0,"comment_status":"closed","ping_status":"closed","template":"","meta":{"footnotes":""},"yoast_head":"<!-- This site is optimized with the Yoast SEO plugin v22.8 - https:\/\/yoast.com\/wordpress\/plugins\/seo\/ -->\n<title>Info - Notizen Von Unterwegs<\/title>\n<meta name=\"description\" content=\"Gedanken und Notizen vom Rucksackleben.\" \/>\n<meta name=\"robots\" content=\"index, follow, max-snippet:-1, max-image-preview:large, max-video-preview:-1\" \/>\n<link rel=\"canonical\" href=\"https:\/\/www.christianprinz.at\/blog\/info\/\" \/>\n<meta property=\"og:locale\" content=\"de_DE\" \/>\n<meta property=\"og:type\" content=\"article\" \/>\n<meta property=\"og:title\" content=\"Info - Notizen Von Unterwegs\" \/>\n<meta property=\"og:description\" content=\"Gedanken und Notizen vom Rucksackleben.\" \/>\n<meta property=\"og:url\" content=\"https:\/\/www.christianprinz.at\/blog\/info\/\" \/>\n<meta property=\"og:site_name\" content=\"Notizen Von Unterwegs\" \/>\n<meta property=\"article:modified_time\" content=\"2019-01-22T02:04:37+00:00\" \/>\n<meta property=\"og:image\" content=\"http:\/\/www.christianprinz.at\/blog\/wp-content\/uploads\/2015\/03\/portrtait_rund-267x200.jpg\" \/>\n<meta name=\"twitter:card\" content=\"summary_large_image\" \/>\n<meta name=\"twitter:label1\" content=\"Gesch\u00e4tzte Lesezeit\" \/>\n\t<meta name=\"twitter:data1\" content=\"1\u00a0Minute\" \/>\n<script type=\"application\/ld+json\" class=\"yoast-schema-graph\">{\"@context\":\"https:\/\/schema.org\",\"@graph\":[{\"@type\":\"WebPage\",\"@id\":\"https:\/\/www.christianprinz.at\/blog\/info\/\",\"url\":\"https:\/\/www.christianprinz.at\/blog\/info\/\",\"name\":\"Info - Notizen Von Unterwegs\",\"isPartOf\":{\"@id\":\"https:\/\/www.christianprinz.at\/blog\/#website\"},\"primaryImageOfPage\":{\"@id\":\"https:\/\/www.christianprinz.at\/blog\/info\/#primaryimage\"},\"image\":{\"@id\":\"https:\/\/www.christianprinz.at\/blog\/info\/#primaryimage\"},\"thumbnailUrl\":\"http:\/\/www.christianprinz.at\/blog\/wp-content\/uploads\/2015\/03\/portrtait_rund-267x200.jpg\",\"datePublished\":\"2015-03-02T06:04:16+00:00\",\"dateModified\":\"2019-01-22T02:04:37+00:00\",\"description\":\"Gedanken und Notizen vom Rucksackleben.\",\"breadcrumb\":{\"@id\":\"https:\/\/www.christianprinz.at\/blog\/info\/#breadcrumb\"},\"inLanguage\":\"de\",\"potentialAction\":[{\"@type\":\"ReadAction\",\"target\":[\"https:\/\/www.christianprinz.at\/blog\/info\/\"]}]},{\"@type\":\"ImageObject\",\"inLanguage\":\"de\",\"@id\":\"https:\/\/www.christianprinz.at\/blog\/info\/#primaryimage\",\"url\":\"https:\/\/i0.wp.com\/www.christianprinz.at\/blog\/wp-content\/uploads\/2015\/03\/portrtait_rund.jpg?fit=1440%2C1080\",\"contentUrl\":\"https:\/\/i0.wp.com\/www.christianprinz.at\/blog\/wp-content\/uploads\/2015\/03\/portrtait_rund.jpg?fit=1440%2C1080\",\"width\":1440,\"height\":1080},{\"@type\":\"BreadcrumbList\",\"@id\":\"https:\/\/www.christianprinz.at\/blog\/info\/#breadcrumb\",\"itemListElement\":[{\"@type\":\"ListItem\",\"position\":1,\"name\":\"Startseite\",\"item\":\"https:\/\/www.christianprinz.at\/blog\/\"},{\"@type\":\"ListItem\",\"position\":2,\"name\":\"Info\"}]},{\"@type\":\"WebSite\",\"@id\":\"https:\/\/www.christianprinz.at\/blog\/#website\",\"url\":\"https:\/\/www.christianprinz.at\/blog\/\",\"name\":\"Notizen Von Unterwegs\",\"description\":\"\",\"potentialAction\":[{\"@type\":\"SearchAction\",\"target\":{\"@type\":\"EntryPoint\",\"urlTemplate\":\"https:\/\/www.christianprinz.at\/blog\/?s={search_term_string}\"},\"query-input\":\"required name=search_term_string\"}],\"inLanguage\":\"de\"}]}<\/script>\n<!-- \/ Yoast SEO plugin. -->","yoast_head_json":{"title":"Info - Notizen Von Unterwegs","description":"Gedanken und Notizen vom Rucksackleben.","robots":{"index":"index","follow":"follow","max-snippet":"max-snippet:-1","max-image-preview":"max-image-preview:large","max-video-preview":"max-video-preview:-1"},"canonical":"https:\/\/www.christianprinz.at\/blog\/info\/","og_locale":"de_DE","og_type":"article","og_title":"Info - Notizen Von Unterwegs","og_description":"Gedanken und Notizen vom Rucksackleben.","og_url":"https:\/\/www.christianprinz.at\/blog\/info\/","og_site_name":"Notizen Von Unterwegs","article_modified_time":"2019-01-22T02:04:37+00:00","og_image":[{"url":"http:\/\/www.christianprinz.at\/blog\/wp-content\/uploads\/2015\/03\/portrtait_rund-267x200.jpg"}],"twitter_card":"summary_large_image","twitter_misc":{"Gesch\u00e4tzte Lesezeit":"1\u00a0Minute"},"schema":{"@context":"https:\/\/schema.org","@graph":[{"@type":"WebPage","@id":"https:\/\/www.christianprinz.at\/blog\/info\/","url":"https:\/\/www.christianprinz.at\/blog\/info\/","name":"Info - Notizen Von Unterwegs","isPartOf":{"@id":"https:\/\/www.christianprinz.at\/blog\/#website"},"primaryImageOfPage":{"@id":"https:\/\/www.christianprinz.at\/blog\/info\/#primaryimage"},"image":{"@id":"https:\/\/www.christianprinz.at\/blog\/info\/#primaryimage"},"thumbnailUrl":"http:\/\/www.christianprinz.at\/blog\/wp-content\/uploads\/2015\/03\/portrtait_rund-267x200.jpg","datePublished":"2015-03-02T06:04:16+00:00","dateModified":"2019-01-22T02:04:37+00:00","description":"Gedanken und Notizen vom Rucksackleben.","breadcrumb":{"@id":"https:\/\/www.christianprinz.at\/blog\/info\/#breadcrumb"},"inLanguage":"de","potentialAction":[{"@type":"ReadAction","target":["https:\/\/www.christianprinz.at\/blog\/info\/"]}]},{"@type":"ImageObject","inLanguage":"de","@id":"https:\/\/www.christianprinz.at\/blog\/info\/#primaryimage","url":"https:\/\/i0.wp.com\/www.christianprinz.at\/blog\/wp-content\/uploads\/2015\/03\/portrtait_rund.jpg?fit=1440%2C1080","contentUrl":"https:\/\/i0.wp.com\/www.christianprinz.at\/blog\/wp-content\/uploads\/2015\/03\/portrtait_rund.jpg?fit=1440%2C1080","width":1440,"height":1080},{"@type":"BreadcrumbList","@id":"https:\/\/www.christianprinz.at\/blog\/info\/#breadcrumb","itemListElement":[{"@type":"ListItem","position":1,"name":"Startseite","item":"https:\/\/www.christianprinz.at\/blog\/"},{"@type":"ListItem","position":2,"name":"Info"}]},{"@type":"WebSite","@id":"https:\/\/www.christianprinz.at\/blog\/#website","url":"https:\/\/www.christianprinz.at\/blog\/","name":"Notizen Von Unterwegs","description":"","potentialAction":[{"@type":"SearchAction","target":{"@type":"EntryPoint","urlTemplate":"https:\/\/www.christianprinz.at\/blog\/?s={search_term_string}"},"query-input":"required name=search_term_string"}],"inLanguage":"de"}]}},"jetpack_sharing_enabled":true,"_links":{"self":[{"href":"http:\/\/www.christianprinz.at\/blog\/wp-json\/wp\/v2\/pages\/2"}],"collection":[{"href":"http:\/\/www.christianprinz.at\/blog\/wp-json\/wp\/v2\/pages"}],"about":[{"href":"http:\/\/www.christianprinz.at\/blog\/wp-json\/wp\/v2\/types\/page"}],"author":[{"embeddable":true,"href":"http:\/\/www.christianprinz.at\/blog\/wp-json\/wp\/v2\/users\/1"}],"replies":[{"embeddable":true,"href":"http:\/\/www.christianprinz.at\/blog\/wp-json\/wp\/v2\/comments?post=2"}],"version-history":[{"count":88,"href":"http:\/\/www.christianprinz.at\/blog\/wp-json\/wp\/v2\/pages\/2\/revisions"}],"predecessor-version":[{"id":3279,"href":"http:\/\/www.christianprinz.at\/blog\/wp-json\/wp\/v2\/pages\/2\/revisions\/3279"}],"wp:attachment":[{"href":"http:\/\/www.christianprinz.at\/blog\/wp-json\/wp\/v2\/media?parent=2"}],"curies":[{"name":"wp","href":"https:\/\/api.w.org\/{rel}","templated":true}]}}